tiple of 5?
True
Is 31786291 a multiple of 72?
False
Does 469 divide 111791812?
False
Is 5 a factor of 2370190435?
True
Is 41860344 a multiple of 492?
True
Is 137 a factor of 13768397?
False
Is 366 a factor of 97091748?
True
Is 74020065 a multiple of 1855?
True
Is 1003 a factor of 306445430?
False
Is 3543 a factor of 3950866209?
False
Does 16 divide 61103389?
False
Is 171 a factor of 10824098?
False
Is 60 a factor of 3688708?
False
Is 100 a factor of 18147663?
False
Is 7 a factor of 811866403?
False
Is 10325430 a multiple of 359?
False
Does 3830 divide 194272671?
False
Is 12353208 a multiple of 1587?
True
Is 16147143 a multiple of 396?
False
Is 34303427 a multiple of 1419?
False
Does 146 divide 5802637?
False
Is 642 a factor of 330311658?
False
Is 131 a factor of 1741383?
True
Does 58 divide 21049385?
False
Is 24 a factor of 27468057?
False
Is 103 a factor of 77763146?
True
Does 25 divide 49051801?
False
Is 4238774 a multiple of 1066?
False
Is 15 a factor of 112773990?
True
Does 10 divide 137710390?
True
Is 179 a factor of 1200688324?
True
Is 1240370189 a multiple of 12?
False
Does 896 divide 77976405?
False
Is 1817 a factor of 41443581?
False
Is 165118715 a multiple of 12?
False
Is 5 a factor of 55417979?
False
Does 61 divide 7981789?
True
Is 134492256 a multiple of 696?
True
Is 17633698 a multiple of 43?
True
Is 775276194 a multiple of 187?
True
Does 26 divide 125794933?
False
Is 658 a factor of 1506157394?
True
Does 1192 divide 71053928?
True
Is 136 a factor of 25187361?
False
Is 7 a factor of 4120368?
True
Does 14 divide 160142697?
False
Is 29 a factor of 8034624?
True
Is 1024 a factor of 11651024?
False
Is 68279728 a multiple of 22?
True
Does 101 divide 76394885?
True
Does 7320 divide 460966191?
False
Is 270643950 a multiple of 5575?
True
Is 974670 a multiple of 2?
True
Is 104200016 a multiple of 464?
True
Is 323417720 a multiple of 920?
True
Is 12 a factor of 208642584?
True
Is 295718053 a multiple of 71?
True
Does 408 divide 118498597?
False
Is 7576549 a multiple of 84?
False
Does 14 divide 11377323?
False
Is 51 a factor of 3410842668?
True
Is 5 a factor of 11459208?
False
Is 49962542 a multiple of 10?
False
Is 5681780 a multiple of 26?
True
Is 229033658 a multiple of 26?
False
Is 258148060 a multiple of 1691?
True
Is 625698902 a multiple of 2?
True
Does 150 divide 296048400?
True
Does 587 divide 8705210?
True
Is 44 a factor of 1253547900?
True
Is 1017064989 a multiple of 3033?
True
Is 148217420 a multiple of 65?
True
Does 1354 divide 248480664?
True
Is 312030432 a multiple of 63?
True
Is 170 a factor of 5896110?
True
Is 19 a factor of 78149451?
True
Is 115842993 a multiple of 15?
False
Is 26199761 a multiple of 24?
False
Does 8 divide 8851396?
False
Does 15 divide 74904085?
False
Is 5 a factor of 86374070?
True
Is 80 a factor of 22590800?
True
Is 23916325 a multiple of 25?
True
Does 1772 divide 75947920?
True
Is 97 a factor of 367582955?
True
Does 6 divide 103553814?
True
Is 811 a factor of 38904377?
False
Is 8942861 a multiple of 6?
False
Does 10 divide 66722717?
False
Is 106 a factor of 53578124?
True
Is 58279155 a multiple of 15?
True
Is 986 a factor of 15469013?
False
Does 18 divide 33905646?
True
Is 39088170 a multiple of 41?
True
Is 30 a factor of 26652360?
True
Is 1175 a factor of 95829874?
False
Does 398 divide 17788587?
False
Is 776644425 a multiple of 1689?
True
Does 421 divide 20195524?
False
Is 21 a factor of 16560894?
True
Does 663 divide 48650205?
False
Is 1397 a factor of 37322252?
True
Does 4 divide 29274624?
True
Is 1052 a factor of 422557892?
True
Is 870 a factor of 62478893?
False
Is 29 a factor of 189880151?
False
Is 13 a factor of 43608993?
False
Is 3 a factor of 465380?
False
Is 17035929 a multiple of 1222?
False
Does 717 divide 14022369?
True
Is 396738649 a multiple of 18?
False
Does 146 divide 1038240622?
False
Does 728 divide 22874313?
False
Is 875 a factor of 10798887?
False
Is 2215 a factor of 55894376?
False
Is 559756456 a multiple of 1493?
False
Is 128031213 a multiple of 907?
True
Is 92731316 a multiple of 908?
True
Does 67 divide 338198686?
False
Is 130457750 a multiple of 14?
False
Is 1991 a factor of 71315629?
True
Does 258 divide 8443742?
False
Does 10 divide 109268064?
False
Does 1377 divide 325341018?
False
Is 320 a factor of 3386880?
True
Does 35 divide 5380235?
True
Does 581 divide 310317910?
True
Is 184 a factor of 1840671886?
False
Is 821 a factor of 370168375?
True
Does 407 divide 148921707?
True
Is 896443968 a multiple of 6?
True
Is 11 a factor of 111629468?
False
Does 16 divide 100269531?
False
Is 340 a factor of 11886740?
True
Is 4 a factor of 321280801?
False
Does 8 divide 324489?
False
Does 6 divide 7351155?
False
Is 3306 a factor of 12632226?
True
Does 85 divide 230356636?
False
Is 730 a factor of 278815470?
True
Does 44 divide 5678287?
False
Is 143848856 a multiple of 4014?
False
Does 81 divide 203440815?
True
Does 24 divide 295475535?
False
Is 2954484112 a multiple of 3334?
True
Is 152846347 a multiple of 2913?
False
Is 266103951 a multiple of 69?
True
Is 32824060 a multiple of 59?
True
Is 24 a factor of 712968?
True
Is 27 a factor of 12377664?
True
Does 1331 divide 29207897?
False
Does 110 divide 118367222?
False
Is 89881986 a multiple of 1538?
False
Is 27066760 a multiple of 35?
True
Does 1355 divide 349274285?
True
Is 223 a factor of 289528915?
False
Is 73 a factor of 219023308?
False
Does 498 divide 44884623?
False
Does 6 divide 102643655?
False
Is 3968769 a multiple of 119?
True
Does 10 divide 47772110?
True
Is 12 a factor of 53789254?
False
Does 1018 divide 154341529?
False
Is 240372110 a multiple of 87?
False
Does 1158 divide 1558900758?
True
Is 843791759 a multiple of 3193?
True
Is 168937944 a multiple of 28?
True
Does 354 divide 201426?
True
Does 257 divide 647584488?
True
Does 156 divide 47350680?
True
Does 785 divide 1229291945?
True
Does 4245 divide 328304584?
False
Is 621526 a multiple of 32?
False
Is 129354225 a multiple of 21?
True
Is 2960 a factor of 820629053?
False
Does 9 divide 11664697?
False
Is 3 a factor of 224944356?
True
Does 334 divide 5125457?
False
Does 449 divide 250482519?
False
Does 229 divide 676439665?
True
Is 7122446 a multiple of 491?
True
Does 2553 divide 338893899?
False
Is 2281 a factor of 115081012?
True
Does 42 divide 4464580273?
False
Is 1062 a factor of 2792884?
False
Is 65 a factor of 34371677?
False
Is 21 a factor of 5943600?
False
Is 17748517 a multiple of 264?
False
Is 554433031 a multiple of 65?
False
Does 1137 divide 39681837?
False
Does 108 divide 64844389?
False
Does 274 divide 5633974756?
False
Is 2204574325 a multiple of 7250?
False
Does 98 divide 1578055413?
False
Does 8 divide 683768928?
True
Is 2102443170 a multiple of 72?
False
Is 19440 a multiple of 16?
True
Does 15 divide 251449107?
False
Is 5709887 a multiple of 8?
False
Is 158 a factor of 199754186?
True
Is 30 a factor of 60854694?
False
Is 705 a factor of 24687690?
True
Does 933 divide 52787843?
False
Is 15 a factor of 43788271?
False
Does 2946 divide 386668392?
True
Is 18 a factor of 138264018?
False
Is 11910990 a multiple of 10?
True
Does 3958 divide 709894012?
False
Does 22 divide 1441751904?
False
Does 740 divide 25685400?
True
Is 568 a factor of 1013741214?
False
Is 11966890 a multiple of 677?
False
Is 1274 a factor of 45926134?
False
Is 5820 a factor of 928982580?
True
Is 9 a factor of 1603512?
True
Is 283888401 a multiple of 41?
False
Does 460 divide 12874226?
False
Is 24607451 a multiple of 19?
True
Is 12 a factor of 1126074?
False
Does 52 divide 1365388232?
True
Is 75221235 a multiple of 186?
False
Is 53 a factor of 112594339?
False
Is 28 a factor of 77957516?
True
Is 27 a factor of 1527902360?
False
Is 1800802786 a multiple of 5138?
False
Is 771569611 a multiple of 8425?
False
Does 11 divide 41874327?
True
Does 135 divide 111671460?
True
Is 3942308984 a multiple of 22?
False
Does 21 divide 16843987?
False
Does 5022 divide 1077661530?
False
Does 881 divide 8498769?
False
Is 170715881 a multiple of 1321?
False
Does 145 divide 53277060?
True
Is 877 a factor of 204515523?
True
Is 1636 a factor of 2105368425?
False
Does 40 divide 313920?
True
Does 2 divide 437914?
True
Is 142472945 a multiple of 134?
False
Is 706024631 a multiple of 108?
False
Is 50 a factor of 3000540